Is 14901 composite?
True
Is 94201 a composite number?
False
Is 143357 a prime number?
True
Is 23117 a composite number?
False
Is 14191 composite?
True
Is 106009 composite?
True
Is 5791 composite?
False
Is 13751 a prime number?
True
Is 75269 composite?
False
Is 15881 a prime number?
True
Is 736237 composite?
True
Is 85141 a prime number?
False
Is 6007 a prime number?
True
Is 544753 prime?
False
Is 147221 composite?
False
Is 3907 a composite number?
False
Is 2124037 prime?
True
Is 28403 prime?
True
Is 5219 composite?
True
Is 2333 a composite number?
False
Is 105751 a prime number?
True
Is 1451 prime?
True
Is 50073 a prime number?
False
Is 16621 composite?
True
Is 90521 prime?
False
Is 182171 a composite number?
True
Is 3755 a composite number?
True
Is 11819 a composite number?
True
Is 518801 a prime number?
True
Is 18041 a composite number?
False
Is 11863 composite?
False
Is 911 prime?
True
Is 363691 composite?
False
Is 45469 composite?
True
Is 34735 a prime number?
False
Is 51647 prime?
True
Is 296035 composite?
True
Is 195991 a composite number?
False
Is 468123 prime?
False
Is 1893683 composite?
True
Is 3867 a prime number?
False
Is 393 a composite number?
True
Is 5131 a composite number?
True
Is 55201 prime?
True
Is 171551 a prime number?
False
Is 1523 composite?
False
Is 2123 composite?
True
Is 9277 a prime number?
True
Is 87911 prime?
True
Is 96989 prime?
True
Is 7103 a composite number?
False
Is 67583 prime?
False
Is 52067 a prime number?
True
Is 1276195 a prime number?
False
Is 473379 a prime number?
False
Is 10973 prime?
True
Is 4821 prime?
False
Is 37097 prime?
True
Is 7001 prime?
True
Is 9643 a composite number?
False
Is 364103 prime?
True
Is 13319 a prime number?
False
Is 300397 a composite number?
False
Is 5779 a composite number?
False
Is 156311 a prime number?
False
Is 7121 a composite number?
False
Is 6521 a composite number?
False
Is 43933 a prime number?
True
Is 691871 composite?
False
Is 29717 a composite number?
False
Is 25261 prime?
True
Is 19949 prime?
True
Is 20477 a prime number?
True
Is 48005 a prime number?
False
Is 35729 composite?
False
Is 22094 prime?
False
Is 29629 a composite number?
False
Is 40993 a prime number?
True
Is 14621 composite?
False
Is 10747 a prime number?
False
Is 147019 composite?
True
Is 40433 a prime number?
True
Is 280487 composite?
False
Is 60971 a prime number?
False
Is 7556021 prime?
False
Is 3013 composite?
True
Is 30427 composite?
False
Is 56519 composite?
False
Is 2053 prime?
True
Is 1837249 a composite number?
False
Is 49157 composite?
False
Is 486155 a composite number?
True
Is 524789 composite?
False
Is 14137 a composite number?
True
Is 1213 composite?
False
Is 19547 a composite number?
True
Is 1062311 a composite number?
False
Is 213263 a composite number?
False
Is 24527 a composite number?
False
Is 9029 composite?
False
Is 7835 a prime number?
False
Is 138811 prime?
False
Is 389811 a prime number?
False
Is 8509 prime?
False
Is 2165853 prime?
False
Is 3191 a prime number?
True
Is 379837 a composite number?
False
Is 33301 prime?
True
Is 378991 a prime number?
False
Is 387437 prime?
True
Is 731437 prime?
False
Is 30379 prime?
False
Is 20633 composite?
True
Is 559619 composite?
True
Is 556897 prime?
False
Is 1754 composite?
True
Is 21709 prime?
False
Is 8123 a prime number?
True
Is 9973 a prime number?
True
Is 87173 composite?
True
Is 25049 a prime number?
False
Is 14757 composite?
True
Is 4727 composite?
True
Is 610621 a composite number?
True
Is 603719 a prime number?
True
Is 125854 a composite number?
True
Is 1993829 a prime number?
True
Is 15563 composite?
True
Is 34198 composite?
True
Is 37243 a prime number?
True
Is 9647 a prime number?
False
Is 204913 a composite number?
False
Is 13159 a composite number?
False
Is 99001 prime?
False
Is 4037 prime?
False
Is 41155 a prime number?
False
Is 12538 prime?
False
Is 122651 prime?
True
Is 190673 prime?
False
Is 325705 prime?
False
Is 975515 a prime number?
False
Is 468953 prime?
True
Is 4663 a prime number?
True
Is 650987 prime?
True
Is 3263 composite?
True
Is 4376485 a composite number?
True
Is 71571 composite?
True
Is 12473 composite?
False
Is 556441 a composite number?
False
Is 1709 composite?
False
Is 2653 prime?
False
Is 189445 a composite number?
True
Is 397767 a composite number?
True
Is 12225221 composite?
False
Is 1313 prime?
False
Is 15421 composite?
True
Is 27143 prime?
True
Is 16697 a composite number?
True
Is 134581 prime?
True
Is 177467 composite?
False
Is 131009 composite?
False
Is 39907 a composite number?
True
Is 125591 a composite number?
False
Is 50989 prime?
True
Is 2099 prime?
True
Is 26623 a composite number?
True
Is 635689 a prime number?
True
Is 864407 prime?
True
Is 150827 a prime number?
True
Is 7739 prime?
False
Is 2518 composite?
True
Is 50057 a composite number?
True
Is 10979 a prime number?
True
Is 361 a composite number?
True
Is 1891 composite?
True
Is 245171 a composite number?
False
Is 234043 a prime number?
True
Is 172738 a prime number?
False
Is 1516001 composite?
True
Is 25649 a composite number?
True
Is 78779 a composite number?
False
Is 21313 composite?
False
Is 28901 a composite number?
False
Is 56263 prime?
True
Is 14683 a prime number?
True
Is 514499 composite?
False
Is 688633 a prime number?
False
Is 150929 prime?
True
Is 1517 a composite number?
True
Is 576763 composite?
True
Is 111893 a composite number?
False
Is 213799 composite?
False
Is 16594 a composite number?
True
Is 111767 composite?
False
Is 57623 prime?
False
Is 7283 a prime number?
True
Is 51269 a composite number?
True
Is 254414 a composite number?
True
Is 117685 composite?
True
Is 8039 composite?
False
Is 33563 a composite number?
False
Is 50647 composite?
False
Is 84347 a prime number?
True
Is 105953 a composite number?
False
Is 33071 a prime number?
True
Is 25907 composite?
True
Is 332155 prime?
False
Is 20143 prime?
True
Is 58251 prime?
False
Is 139391 composite?
True
Is 247237 prime?
False
Is 19567 a composite number?
True
Is 152765 a composite number?
True
Is 1387687 a prime number?
False
Is 454109 prime?
True
Is 3845 a composite number?
True
Is 111721 a composite number?
False
Is 1059 composite?
True
Is 636533 composite?
False
Is 541 composite?
False
Is 56351 composite?
True
Is 3293 composite?
True
Is 32633 composite?
False
Is 85931 a composite number?
False
Is 108083 composite?
True
Is 6635 a prime number?
False
Is 35065 a prime number?
False
Is 39019 prime?
True
Is 564143 composite?
True
Is 2041 composite?
True
Is 141 prime?
False
Is 5129 a prime number?
False
Is 963581 composite?
False
Is 2129 a composite number?
False
Is 86491 prime?
True
Is 68878 a composite number?
True
Is 220979 prime?
False
Is 14089 a composite number?
True
Is 461171 prime?
True
Is 1156445 composite?
True
Is 64399 composite?
False
Is 97505 a prime number?
False
Is 29167 composite?
False
Is 603203 a prime number?
True
Is 205487 a prime number?
True
Is 132785 a prime number?
False
Is 9307 a composite number?
True
Is 83773 a prime number?
True
Is 218305 a prime number?
False
Is 289015 composite?
True
Is 18013 prime?
True
Is 58379 a composite number?
False
Is 2285 a prime number?
False
Is 2729 a prime number?
True
Is 43093 a composite number?
False
Is 350261 prime?
False
Is 159779 a composite number?
False
Is 352949 composite?
False
Is 870037 a prime number?
False
Is 24943 a prime number?
True
Is 66293 a composite number?
False
Is 315443 a prime number?
False
Is 14695 composite?
True
Is 1531 a prime number?
True
Is 2483381 a composite number?
False
Is 22171 a prime number?
True
Is 96107 a composite number?
True
Is 8887 a prime number?
True
Is 538 prime?
False
Is 357361 composite?
True
Is 27106 a prime number?
False
Is 250169 a composite number?
False
Is 12019049 composite?
True
Is 699727 prime?
False
Is 290137 prime?
True
Is 263 composite?
False
Is 10073 composite?
True
Is 6439 a composite number?
True
Is 3607 a composite number?
False
Is 977 prime?
True
Is 340687 prime?
True
Is 114407 a composite number?
False
Is 10531 composite?
False
Is 49391 composite?
False
Is 18059 composite?
False
Is 890821 a composite number?
False
Is 113683 prime?
True
Is 5976181 composite?
False
Is 13971 a prime number?
False
Is 326181 prime?
False
Is 102007 composite?
True
Is 188